{"id":117,"date":"2019-03-15T10:20:05","date_gmt":"2019-03-15T10:20:05","guid":{"rendered":"https:\/\/www.maore.org\/?post_type=product&#038;p=117"},"modified":"2023-01-08T10:05:09","modified_gmt":"2023-01-08T10:05:09","slug":"tisch-set","status":"publish","type":"product","link":"https:\/\/www.maore.org\/index.php\/product\/tisch-set\/","title":{"rendered":"Tisch-Set"},"content":{"rendered":"<p>Die dekorativen Unterlagen bringen Farbe an jeden Tisch.<\/p>\n<p>Der Preis bezieht sich auf ein St\u00fcck. F\u00fcgen Sie ein Produkt mehrmals in den Warenkorb (maximal so viele wie jeweils auf Lager sind), um mehrere St\u00fccke zu kaufen.<\/p>\n","protected":false},"excerpt":{"rendered":"<p>Die dekorativen Unterlagen bringen Farbe an jeden Tisch. Der Preis bezieht sich auf ein St\u00fcck. F\u00fcgen Sie ein Produkt mehrmals in den Warenkorb (maximal so viele wie jeweils auf Lager sind), um mehrere St\u00fccke zu kaufen.<\/p>\n","protected":false},"featured_media":128,"template":"","meta":{"jetpack_post_was_ever_published":false,"jetpack_publicize_message":"","jetpack_publicize_feature_enabled":true,"jetpack_social_post_already_shared":true,"jetpack_social_options":{"image_generator_settings":{"template":"highway","default_image_id":0,"font":"","enabled":false},"version":2}},"product_brand":[],"product_cat":[26],"product_tag":[],"class_list":{"0":"post-117","1":"product","2":"type-product","3":"status-publish","4":"has-post-thumbnail","6":"product_cat-fuer-die-grossen","8":"first","9":"instock","10":"shipping-taxable","11":"purchasable","12":"product-type-simple"},"jetpack_publicize_connections":[],"jetpack_sharing_enabled":true,"jetpack-related-posts":[],"_links":{"self":[{"href":"https:\/\/www.maore.org\/index.php\/wp-json\/wp\/v2\/product\/117","targetHints":{"allow":["GET"]}}],"collection":[{"href":"https:\/\/www.maore.org\/index.php\/wp-json\/wp\/v2\/product"}],"about":[{"href":"https:\/\/www.maore.org\/index.php\/wp-json\/wp\/v2\/types\/product"}],"wp:featuredmedia":[{"embeddable":true,"href":"https:\/\/www.maore.org\/index.php\/wp-json\/wp\/v2\/media\/128"}],"wp:attachment":[{"href":"https:\/\/www.maore.org\/index.php\/wp-json\/wp\/v2\/media?parent=117"}],"wp:term":[{"taxonomy":"product_brand","embeddable":true,"href":"https:\/\/www.maore.org\/index.php\/wp-json\/wp\/v2\/product_brand?post=117"},{"taxonomy":"product_cat","embeddable":true,"href":"https:\/\/www.maore.org\/index.php\/wp-json\/wp\/v2\/product_cat?post=117"},{"taxonomy":"product_tag","embeddable":true,"href":"https:\/\/www.maore.org\/index.php\/wp-json\/wp\/v2\/product_tag?post=117"}],"curies":[{"name":"wp","href":"https:\/\/api.w.org\/{rel}","templated":true}]}}